CRAN Package Check Results for Package NlinTS

Last updated on 2020-02-24 20:47:25 CET.

Flavor Version Tinstall Tcheck Ttotal Status Flags
r-devel-linux-x86_64-debian-clang 1.3.8 101.76 48.10 149.86 OK
r-devel-linux-x86_64-debian-gcc 1.3.8 65.15 37.88 103.03 OK
r-devel-linux-x86_64-fedora-clang 1.3.8 205.64 NOTE
r-devel-linux-x86_64-fedora-gcc 1.3.8 183.90 OK
r-devel-windows-ix86+x86_64 1.3.8 174.00 87.00 261.00 OK
r-devel-windows-ix86+x86_64-gcc8 1.3.8 247.00 121.00 368.00 OK
r-patched-linux-x86_64 1.3.8 78.60 43.03 121.63 OK
r-patched-solaris-x86 1.3.8 181.50 OK
r-release-linux-x86_64 1.3.8 76.86 42.65 119.51 OK
r-release-windows-ix86+x86_64 1.3.8 172.00 83.00 255.00 OK
r-release-osx-x86_64 1.3.8 NOTE
r-oldrel-windows-ix86+x86_64 1.3.8 208.00 86.00 294.00 OK
r-oldrel-osx-x86_64 1.3.8 NOTE

Check Details

Version: 1.3.8
Check: installed package size
Result: NOTE
     installed size is 6.9Mb
     sub-directories of 1Mb or more:
     libs 6.8Mb
Flavors: r-devel-linux-x86_64-fedora-clang, r-release-osx-x86_64, r-oldrel-osx-x86_64