CRAN Package Check Results for Package NetIndices

Last updated on 2021-04-15 09:50:08 CEST.

Flavor Version Tinstall Tcheck Ttotal Status Flags
r-devel-linux-x86_64-debian-clang 1.4.4 2.42 32.59 35.01 NOTE
r-devel-linux-x86_64-debian-gcc 1.4.4 1.94 26.06 28.00 NOTE
r-devel-linux-x86_64-fedora-clang 1.4.4 53.10 NOTE
r-devel-linux-x86_64-fedora-gcc 1.4.4 44.82 NOTE
r-devel-windows-ix86+x86_64 1.4.4 6.00 55.00 61.00 NOTE
r-devel-windows-x86_64-gcc10-UCRT 1.4.4 NOTE
r-patched-linux-x86_64 1.4.4 2.48 31.64 34.12 NOTE
r-patched-solaris-x86 1.4.4 64.80 NOTE
r-release-linux-x86_64 1.4.4 2.29 31.77 34.06 NOTE
r-release-macos-x86_64 1.4.4 NOTE
r-release-windows-ix86+x86_64 1.4.4 5.00 56.00 61.00 NOTE
r-oldrel-macos-x86_64 1.4.4 NOTE
r-oldrel-windows-ix86+x86_64 1.4.4 5.00 40.00 45.00 NOTE

Check Details

Version: 1.4.4
Check: R code for possible problems
Result: NOTE
    EnvInd: no visible global function definition for 'sd'
    Undefined global functions or variables:
     sd
    Consider adding
     importFrom("stats", "sd")
    to your NAMESPACE file.
Flavors: r-devel-linux-x86_64-debian-clang, r-devel-linux-x86_64-debian-gcc, r-devel-linux-x86_64-fedora-clang, r-devel-linux-x86_64-fedora-gcc, r-devel-windows-ix86+x86_64, r-devel-windows-x86_64-gcc10-UCRT, r-patched-linux-x86_64, r-patched-solaris-x86, r-release-linux-x86_64, r-release-macos-x86_64, r-release-windows-ix86+x86_64, r-oldrel-macos-x86_64, r-oldrel-windows-ix86+x86_64