CRAN Package Check Results for Package NanoStringNorm

Last updated on 2021-04-15 09:50:07 CEST.

Flavor Version Tinstall Tcheck Ttotal Status Flags
r-devel-linux-x86_64-debian-clang 1.2.1.1 12.36 122.36 134.72 NOTE
r-devel-linux-x86_64-debian-gcc 1.2.1.1 0.48 1.92 2.40 ERROR
r-devel-linux-x86_64-fedora-clang 1.2.1.1 11.96 ERROR
r-devel-linux-x86_64-fedora-gcc 1.2.1.1 2.54 ERROR
r-devel-windows-ix86+x86_64 1.2.1.1 31.00 149.00 180.00 OK
r-devel-windows-x86_64-gcc10-UCRT 1.2.1.1 OK
r-patched-linux-x86_64 1.2.1.1 12.80 115.84 128.64 NOTE
r-patched-solaris-x86 1.2.1.1 206.90 NOTE
r-release-linux-x86_64 1.2.1.1 13.72 114.61 128.33 NOTE
r-release-macos-x86_64 1.2.1.1 OK
r-release-windows-ix86+x86_64 1.2.1.1 26.00 156.00 182.00 OK
r-oldrel-macos-x86_64 1.2.1.1 OK
r-oldrel-windows-ix86+x86_64 1.2.1.1 33.00 108.00 141.00 WARN

Check Details

Version: 1.2.1.1
Check: for non-standard things in the check directory
Result: NOTE
    Found the following files/directories:
     'NanoStringNorm_Example_Plots_All.pdf'
     'NanoStringNorm_Interactive_Plot'
Flavors: r-devel-linux-x86_64-debian-clang, r-patched-linux-x86_64, r-patched-solaris-x86, r-release-linux-x86_64

Version: 1.2.1.1
Check: package dependencies
Result: ERROR
    Package required but not available: ‘vsn’
    
    See section ‘The DESCRIPTION file’ in the ‘Writing R Extensions’
    manual.
Flavors: r-devel-linux-x86_64-debian-gcc, r-devel-linux-x86_64-fedora-clang, r-devel-linux-x86_64-fedora-gcc

Version: 1.2.1.1
Check: whether package can be installed
Result: WARN
    Found the following significant warnings:
     Warning: namespace 'Rcpp' is not available and has been replaced
Flavor: r-oldrel-windows-ix86+x86_64