CRAN Package Check Results for Package NPflow

Last updated on 2020-03-30 20:48:35 CEST.

Flavor Version Tinstall Tcheck Ttotal Status Flags
r-devel-linux-x86_64-debian-clang 0.13.3 276.22 113.78 390.00 OK
r-devel-linux-x86_64-debian-gcc 0.13.3 179.83 84.45 264.28 OK
r-devel-linux-x86_64-fedora-clang 0.13.3 524.59 NOTE
r-devel-linux-x86_64-fedora-gcc 0.13.3 469.37 OK
r-devel-windows-ix86+x86_64 0.13.3 432.00 179.00 611.00 OK
r-devel-windows-ix86+x86_64-gcc8 0.13.3 514.00 184.00 698.00 OK
r-patched-linux-x86_64 0.13.3 221.62 106.69 328.31 OK
r-patched-solaris-x86 0.13.3 431.40 OK
r-release-linux-x86_64 0.13.3 216.60 99.50 316.10 OK
r-release-windows-ix86+x86_64 0.13.3 663.00 250.00 913.00 OK
r-release-osx-x86_64 0.13.3 NOTE
r-oldrel-windows-ix86+x86_64 0.13.3 677.00 254.00 931.00 OK
r-oldrel-osx-x86_64 0.13.3 NOTE

Check Details

Version: 0.13.3
Check: installed package size
Result: NOTE
     installed size is 9.9Mb
     sub-directories of 1Mb or more:
     libs 9.3Mb
Flavors: r-devel-linux-x86_64-fedora-clang, r-release-osx-x86_64, r-oldrel-osx-x86_64