CRAN Package Check Results for Package NPMLENCC

Last updated on 2021-04-15 09:50:08 CEST.

Flavor Version Tinstall Tcheck Ttotal Status Flags
r-devel-linux-x86_64-debian-clang 1.0 9.77 74.96 84.73 NOTE
r-devel-linux-x86_64-debian-gcc 1.0 8.12 56.82 64.94 NOTE
r-devel-linux-x86_64-fedora-clang 1.0 110.45 NOTE
r-devel-linux-x86_64-fedora-gcc 1.0 100.81 NOTE
r-devel-windows-ix86+x86_64 1.0 19.00 96.00 115.00 NOTE
r-devel-windows-x86_64-gcc10-UCRT 1.0 NOTE
r-patched-linux-x86_64 1.0 9.21 68.74 77.95 OK
r-patched-solaris-x86 1.0 143.40 OK
r-release-linux-x86_64 1.0 8.01 69.31 77.32 OK
r-release-macos-x86_64 1.0 OK
r-release-windows-ix86+x86_64 1.0 16.00 97.00 113.00 OK
r-oldrel-macos-x86_64 1.0 OK
r-oldrel-windows-ix86+x86_64 1.0 16.00 66.00 82.00 OK

Check Details

Version: 1.0
Check: LazyData
Result: NOTE
     'LazyData' is specified without a 'data' directory
Flavors: r-devel-linux-x86_64-debian-clang, r-devel-linux-x86_64-debian-gcc, r-devel-linux-x86_64-fedora-clang, r-devel-linux-x86_64-fedora-gcc, r-devel-windows-ix86+x86_64, r-devel-windows-x86_64-gcc10-UCRT