CRAN Package Check Results for Package NHSRdatasets

Last updated on 2021-04-15 09:50:08 CEST.

Flavor Version Tinstall Tcheck Ttotal Status Flags
r-devel-linux-x86_64-debian-clang 0.3.0 2.01 79.24 81.25 OK
r-devel-linux-x86_64-debian-gcc 0.3.0 1.72 58.48 60.20 OK
r-devel-linux-x86_64-fedora-clang 0.3.0 103.33 NOTE
r-devel-linux-x86_64-fedora-gcc 0.3.0 95.81 NOTE
r-devel-windows-ix86+x86_64 0.3.0 6.00 104.00 110.00 OK
r-devel-windows-x86_64-gcc10-UCRT 0.3.0 NOTE
r-patched-linux-x86_64 0.3.0 2.07 74.60 76.67 OK
r-patched-solaris-x86 0.3.0 140.50 NOTE
r-release-linux-x86_64 0.3.0 1.92 75.89 77.81 OK
r-release-macos-x86_64 0.3.0 NOTE
r-release-windows-ix86+x86_64 0.3.0 19.00 114.00 133.00 OK
r-oldrel-macos-x86_64 0.3.0 NOTE
r-oldrel-windows-ix86+x86_64 0.3.0 4.00 84.00 88.00 OK

Check Details

Version: 0.3.0
Check: dependencies in R code
Result: NOTE
    Namespace in Imports field not imported from: ‘tibble’
     All declared Imports should be used.
Flavors: r-devel-linux-x86_64-fedora-clang, r-devel-linux-x86_64-fedora-gcc, r-devel-windows-x86_64-gcc10-UCRT, r-patched-solaris-x86, r-release-macos-x86_64, r-oldrel-macos-x86_64