CRAN Package Check Results for Package NACHO

Last updated on 2021-04-15 09:50:07 CEST.

Flavor Version Tinstall Tcheck Ttotal Status Flags
r-devel-linux-x86_64-debian-clang 1.1.0 9.47 262.68 272.15 OK
r-devel-linux-x86_64-debian-gcc 1.1.0 6.72 195.26 201.98 OK
r-devel-linux-x86_64-fedora-clang 1.1.0 305.30 OK
r-devel-linux-x86_64-fedora-gcc 1.1.0 313.67 OK
r-devel-windows-ix86+x86_64 1.1.0 24.00 276.00 300.00 OK
r-devel-windows-x86_64-gcc10-UCRT 1.1.0 ERROR
r-patched-linux-x86_64 1.1.0 9.72 251.13 260.85 OK
r-patched-solaris-x86 1.1.0 361.10 OK
r-release-linux-x86_64 1.1.0 8.63 252.63 261.26 OK
r-release-macos-x86_64 1.1.0 OK
r-release-windows-ix86+x86_64 1.1.0 42.00 301.00 343.00 OK
r-oldrel-macos-x86_64 1.1.0 OK
r-oldrel-windows-ix86+x86_64 1.1.0 13.00 206.00 219.00 OK

Check Details

Version: 1.1.0
Check: tests
Result: ERROR
     Running 'testthat.R'
    Running the tests in 'tests/testthat.R' failed.
    Last 13 lines of output:
    
     |IDFILE |CartridgeID | BD| FoV| PCL| LoD| MC| MedC| Positive_factor| House_factor|
     |:------------------------------------------------------------------|:---------------|----:|-----:|-------:|-----:|------:|----:|---------------:|------------:|
     |GSM1934699_20111102_20111102-9741-1_LGWU102569-1036382WU_06.RCC.gz |20111102-9741-1 | 0.17| 93.94| 0.99418| 17.39| 918.48| 611| 0.8973182| 1.027759|
     == Failed tests ==============================================================================================
     -- Error (test-load_rcc.R:77:5): (code run outside of `test_that()`) -----------
     Error: replacement has 448 rows, data has 1321
     Backtrace:
     x
     1. +-base::`$<-`(...) test-load_rcc.R:77:4
     2. \-base::`$<-.data.frame`(...) test-load_rcc.R:77:4
    
     [ FAIL 1 | WARN 1 | SKIP 0 | PASS 194 ]
     Error: Test failures
     Execution halted
Flavor: r-devel-windows-x86_64-gcc10-UCRT