CRAN Package Check Results for Package MultiBD

Last updated on 2020-04-09 14:51:28 CEST.

Flavor Version Tinstall Tcheck Ttotal Status Flags
r-devel-linux-x86_64-debian-clang 0.2.0 109.40 143.34 252.74 OK
r-devel-linux-x86_64-debian-gcc 0.2.0 66.63 107.47 174.10 OK
r-devel-linux-x86_64-fedora-clang 0.2.0 327.25 NOTE
r-devel-linux-x86_64-fedora-gcc 0.2.0 332.39 NOTE
r-devel-windows-ix86+x86_64 0.2.0 237.00 182.00 419.00 OK
r-devel-windows-ix86+x86_64-gcc8 0.2.0 228.00 150.00 378.00 OK
r-patched-linux-x86_64 0.2.0 80.93 156.93 237.86 OK
r-patched-osx-x86_64 0.2.0 NOTE
r-patched-solaris-x86 0.2.0 49.10 ERROR
r-release-linux-x86_64 0.2.0 79.00 148.18 227.18 OK
r-release-windows-ix86+x86_64 0.2.0 225.00 186.00 411.00 OK
r-release-osx-x86_64 0.2.0 NOTE
r-oldrel-windows-ix86+x86_64 0.2.0 307.00 188.00 495.00 OK
r-oldrel-osx-x86_64 0.2.0 NOTE

Check Details

Version: 0.2.0
Check: installed package size
Result: NOTE
     installed size is 6.2Mb
     sub-directories of 1Mb or more:
     libs 4.6Mb
Flavors: r-devel-linux-x86_64-fedora-clang, r-patched-osx-x86_64, r-release-osx-x86_64, r-oldrel-osx-x86_64

Version: 0.2.0
Check: compiled code
Result: NOTE
    File ‘MultiBD/libs/MultiBD.so’:
     Found no calls to: ‘R_registerRoutines’, ‘R_useDynamicSymbols’
    
    It is good practice to register native routines and to disable symbol
    search.
    
    See ‘Writing portable packages’ in the ‘Writing R Extensions’ manual.
Flavors: r-devel-linux-x86_64-fedora-clang, r-devel-linux-x86_64-fedora-gcc

Version: 0.2.0
Check: whether package can be installed
Result: ERROR
    Installation failed.
Flavor: r-patched-solaris-x86