CRAN Package Check Results for Package MplusAutomation

Last updated on 2021-04-15 09:50:07 CEST.

Flavor Version Tinstall Tcheck Ttotal Status Flags
r-devel-linux-x86_64-debian-clang 0.8 43.75 122.74 166.49 OK
r-devel-linux-x86_64-debian-gcc 0.8 33.61 91.76 125.37 OK
r-devel-linux-x86_64-fedora-clang 0.8 209.72 OK
r-devel-linux-x86_64-fedora-gcc 0.8 205.86 OK
r-devel-windows-ix86+x86_64 0.8 74.00 160.00 234.00 OK
r-devel-windows-x86_64-gcc10-UCRT 0.8 NOTE
r-patched-linux-x86_64 0.8 39.95 112.92 152.87 OK
r-patched-solaris-x86 0.8 256.20 OK
r-release-linux-x86_64 0.8 36.17 112.51 148.68 OK
r-release-macos-x86_64 0.8 OK
r-release-windows-ix86+x86_64 0.8 69.00 168.00 237.00 OK
r-oldrel-macos-x86_64 0.8 NOTE
r-oldrel-windows-ix86+x86_64 0.8 66.00 109.00 175.00 OK

Check Details

Version: 0.8
Check: package dependencies
Result: NOTE
    Package suggested but not available for checking: 'rhdf5'
Flavor: r-devel-windows-x86_64-gcc10-UCRT

Version: 0.8
Check: dependencies in R code
Result: NOTE
    No protocol specified
    No protocol specified
Flavor: r-oldrel-macos-x86_64