CRAN Package Check Results for Package MoMPCA

Last updated on 2021-06-22 09:51:43 CEST.

Flavor Version Tinstall Tcheck Ttotal Status Flags
r-devel-linux-x86_64-debian-clang 1.0.1 5.19 57.26 62.45 OK
r-devel-linux-x86_64-debian-gcc 1.0.1 4.89 44.32 49.21 OK
r-devel-linux-x86_64-fedora-clang 1.0.1 85.45 NOTE
r-devel-linux-x86_64-fedora-gcc 1.0.1 75.58 NOTE
r-devel-windows-x86_64 1.0.1 11.00 259.00 270.00 OK
r-devel-windows-x86_64-gcc10-UCRT 1.0.1 NOTE
r-patched-linux-x86_64 1.0.1 10.47 56.11 66.58 OK
r-patched-solaris-x86 1.0.1 789.00 NOTE
r-release-linux-x86_64 1.0.1 4.99 55.93 60.92 OK
r-release-macos-arm64 1.0.1 NOTE
r-release-macos-x86_64 1.0.1 NOTE
r-release-windows-ix86+x86_64 1.0.1 15.00 297.00 312.00 OK
r-oldrel-macos-x86_64 1.0.1 NOTE

Check Details

Version: 1.0.1
Check: data for non-ASCII characters
Result: NOTE
     Note: found 16 marked UTF-8 strings
Flavors: r-devel-linux-x86_64-fedora-clang, r-devel-linux-x86_64-fedora-gcc, r-devel-windows-x86_64-gcc10-UCRT, r-patched-solaris-x86, r-release-macos-arm64, r-release-macos-x86_64, r-oldrel-macos-x86_64