CRAN Package Check Results for Package MixfMRI

Last updated on 2020-07-06 21:50:31 CEST.

Flavor Version Tinstall Tcheck Ttotal Status Flags
r-devel-linux-x86_64-debian-clang 0.1-0 13.74 98.46 112.20 OK
r-devel-linux-x86_64-debian-gcc 0.1-0 10.29 75.01 85.30 OK
r-devel-linux-x86_64-fedora-clang 0.1-0 141.93 OK
r-devel-linux-x86_64-fedora-gcc 0.1-0 132.23 OK
r-devel-windows-ix86+x86_64 0.1-0 34.00 175.00 209.00 OK
r-patched-linux-x86_64 0.1-0 10.94 96.84 107.78 OK
r-patched-solaris-x86 0.1-0 189.10 OK
r-release-linux-x86_64 0.1-0 11.82 96.50 108.32 OK
r-release-osx-x86_64 0.1-0 NOTE
r-release-windows-ix86+x86_64 0.1-0 20.00 136.00 156.00 OK
r-oldrel-osx-x86_64 0.1-0 NOTE
r-oldrel-windows-ix86+x86_64 0.1-0 33.00 189.00 222.00 OK

Check Details

Version: 0.1-0
Check: package dependencies
Result: NOTE
    Package which this enhances but not available for checking: ‘pbdMPI’
Flavors: r-release-osx-x86_64, r-oldrel-osx-x86_64