CRAN Package Check Results for Package MixMatrix

Last updated on 2021-06-20 09:49:56 CEST.

Flavor Version Tinstall Tcheck Ttotal Status Flags
r-devel-linux-x86_64-debian-clang 0.2.4 71.01 69.80 140.81 NOTE
r-devel-linux-x86_64-debian-gcc 0.2.4 41.77 51.63 93.40 NOTE
r-devel-linux-x86_64-fedora-clang 0.2.4 188.26 NOTE
r-devel-linux-x86_64-fedora-gcc 0.2.4 165.82 NOTE
r-devel-windows-x86_64 0.2.4 84.00 103.00 187.00 NOTE
r-devel-windows-x86_64-gcc10-UCRT 0.2.4 NOTE
r-patched-linux-x86_64 0.2.4 49.83 67.44 117.27 NOTE
r-patched-solaris-x86 0.2.4 177.00 NOTE
r-release-linux-x86_64 0.2.4 50.53 67.09 117.62 NOTE
r-release-macos-arm64 0.2.4 NOTE
r-release-macos-x86_64 0.2.4 NOTE
r-release-windows-ix86+x86_64 0.2.4 155.00 134.00 289.00 NOTE
r-oldrel-macos-x86_64 0.2.4 OK
r-oldrel-windows-ix86+x86_64 0.2.4 114.00 126.00 240.00 OK

Check Details

Version: 0.2.4
Check: LazyData
Result: NOTE
     'LazyData' is specified without a 'data' directory
Flavors: r-devel-linux-x86_64-debian-clang, r-devel-linux-x86_64-debian-gcc, r-devel-linux-x86_64-fedora-clang, r-devel-linux-x86_64-fedora-gcc, r-devel-windows-x86_64, r-devel-windows-x86_64-gcc10-UCRT, r-patched-linux-x86_64, r-patched-solaris-x86, r-release-linux-x86_64, r-release-macos-arm64, r-release-macos-x86_64, r-release-windows-ix86+x86_64

Version: 0.2.4
Check: package dependencies
Result: NOTE
    Package suggested but not available for checking: 'covr'
Flavor: r-devel-windows-x86_64-gcc10-UCRT