CRAN Package Check Results for Package MfUSampler

Last updated on 2020-03-30 20:48:33 CEST.

Flavor Version Tinstall Tcheck Ttotal Status Flags
r-devel-linux-x86_64-debian-clang 1.0.4 2.68 52.60 55.28 OK
r-devel-linux-x86_64-debian-gcc 1.0.4 2.14 36.52 38.66 OK
r-devel-linux-x86_64-fedora-clang 1.0.4 66.72 OK
r-devel-linux-x86_64-fedora-gcc 1.0.4 64.03 OK
r-devel-windows-ix86+x86_64 1.0.4 12.00 72.00 84.00 OK
r-devel-windows-ix86+x86_64-gcc8 1.0.4 6.00 67.00 73.00 WARN
r-patched-linux-x86_64 1.0.4 2.76 46.81 49.57 OK
r-patched-solaris-x86 1.0.4 117.50 OK
r-release-linux-x86_64 1.0.4 2.02 45.33 47.35 OK
r-release-windows-ix86+x86_64 1.0.4 9.00 101.00 110.00 OK
r-release-osx-x86_64 1.0.4 OK
r-oldrel-windows-ix86+x86_64 1.0.4 4.00 92.00 96.00 OK
r-oldrel-osx-x86_64 1.0.4 OK

Check Details

Version: 1.0.4
Check: re-building of vignette outputs
Result: WARN
    Error(s) in re-building vignettes:
    --- re-building 'MfUSampler.Rnw' using Sweave
    MfUSampler 1.0.4
    Convenience Functions for Multivariate MCMC Using Univariate Samplers
    For citations, please use:
    Alireza S. Mahani, Mansour T. A. Sharabiani (2017). Multivariate-From-Univariate MCMC Sampler: The R Package MfUSampler. Journal of Statistical Software, Code Snippets, 78(1), 1-22. doi:10.18637/jss.v078.c01
    
    Error: processing vignette 'MfUSampler.Rnw' failed with diagnostics:
     chunk 31
    Error in compileCode(f, code, language = language, verbose = verbose) :
     Compilation ERROR, function(s)/method(s) not created! D:/Compiler/rtools40/mingw64/bin/../lib/gcc/x86_64-w64-mingw32/8.3.0/../../../../x86_64-w64-mingw32/bin/ld.exe: fileb7b426ad39e5.o:fileb7b426ad39e5.cpp:(.text+0x4df): undefined reference to `dgemv_'
    D:/Compiler/rtools40/mingw64/bin/../lib/gcc/x86_64-w64-mingw32/8.3.0/../../../../x86_64-w64-mingw32/bin/ld.exe: fileb7b426ad39e5.o:fileb7b426ad39e5.cpp:(.text+0x66f): undefined reference to `dgemv_'
    collect2.exe: error: ld returned 1 exit status
    
    --- failed re-building 'MfUSampler.Rnw'
    
    SUMMARY: processing the following file failed:
     'MfUSampler.Rnw'
    
    Error: Vignette re-building failed.
    Execution halted
Flavor: r-devel-windows-ix86+x86_64-gcc8