CRAN Package Check Results for Package MetProc

Last updated on 2021-06-22 09:51:42 CEST.

Flavor Version Tinstall Tcheck Ttotal Status Flags
r-devel-linux-x86_64-debian-clang 1.0.1 2.97 36.51 39.48 NOTE
r-devel-linux-x86_64-debian-gcc 1.0.1 2.19 28.28 30.47 NOTE
r-devel-linux-x86_64-fedora-clang 1.0.1 57.59 NOTE
r-devel-linux-x86_64-fedora-gcc 1.0.1 48.70 NOTE
r-devel-windows-x86_64 1.0.1 4.00 59.00 63.00 OK
r-devel-windows-x86_64-gcc10-UCRT 1.0.1 OK
r-patched-linux-x86_64 1.0.1 3.27 36.36 39.63 NOTE
r-patched-solaris-x86 1.0.1 82.60 NOTE
r-release-linux-x86_64 1.0.1 2.95 37.37 40.32 NOTE
r-release-macos-arm64 1.0.1 OK
r-release-macos-x86_64 1.0.1 OK
r-release-windows-ix86+x86_64 1.0.1 6.00 60.00 66.00 OK
r-oldrel-macos-x86_64 1.0.1 OK

Check Details

Version: 1.0.1
Check: for non-standard things in the check directory
Result: NOTE
    Found the following files/directories:
     'MetProc_output.pdf' 'sample_removed.csv' 'sample_retained.csv'
Flavors: r-devel-linux-x86_64-debian-clang, r-devel-linux-x86_64-debian-gcc, r-devel-linux-x86_64-fedora-clang, r-devel-linux-x86_64-fedora-gcc, r-patched-linux-x86_64, r-patched-solaris-x86, r-release-linux-x86_64