CRAN Package Check Results for Package Mapinguari

Last updated on 2020-03-30 20:48:32 CEST.

Flavor Version Tinstall Tcheck Ttotal Status Flags
r-devel-linux-x86_64-debian-clang 1.0.0 4.71 38.98 43.69 OK
r-devel-linux-x86_64-debian-gcc 1.0.0 4.18 30.64 34.82 OK
r-devel-linux-x86_64-fedora-clang 1.0.0 53.55 NOTE
r-devel-linux-x86_64-fedora-gcc 1.0.0 52.40 NOTE
r-devel-windows-ix86+x86_64 1.0.0 14.00 51.00 65.00 OK
r-devel-windows-ix86+x86_64-gcc8 1.0.0 10.00 52.00 62.00 OK
r-patched-linux-x86_64 1.0.0 5.24 37.78 43.02 OK
r-patched-solaris-x86 1.0.0 85.50 NOTE
r-release-linux-x86_64 1.0.0 4.62 35.33 39.95 OK
r-release-windows-ix86+x86_64 1.0.0 16.00 72.00 88.00 OK
r-release-osx-x86_64 1.0.0 NOTE
r-oldrel-windows-ix86+x86_64 1.0.0 16.00 71.00 87.00 OK
r-oldrel-osx-x86_64 1.0.0 NOTE

Check Details

Version: 1.0.0
Check: dependencies in R code
Result: NOTE
    Namespaces in Imports field not imported from:
     ‘dplyr’ ‘rgdal’ ‘rlang’ ‘testthat’
     All declared Imports should be used.
Flavors: r-devel-linux-x86_64-fedora-clang, r-devel-linux-x86_64-fedora-gcc, r-patched-solaris-x86, r-release-osx-x86_64, r-oldrel-osx-x86_64