CRAN Package Check Results for Package MTA

Last updated on 2021-06-16 09:53:30 CEST.

Flavor Version Tinstall Tcheck Ttotal Status Flags
r-devel-linux-x86_64-debian-clang 0.3.0 7.56 91.52 99.08 OK
r-devel-linux-x86_64-debian-gcc 0.3.0 5.38 67.31 72.69 OK
r-devel-linux-x86_64-fedora-clang 0.3.0 123.80 OK
r-devel-linux-x86_64-fedora-gcc 0.3.0 114.05 OK
r-devel-windows-x86_64 0.3.0 12.00 115.00 127.00 OK
r-devel-windows-x86_64-gcc10-UCRT 0.3.0 ERROR
r-patched-linux-x86_64 0.3.0 5.95 84.05 90.00 OK
r-patched-solaris-x86 0.3.0 186.00 OK
r-release-linux-x86_64 0.3.0 6.12 85.01 91.13 OK
r-release-macos-arm64 0.3.0 OK
r-release-macos-x86_64 0.3.0 OK
r-release-windows-ix86+x86_64 0.3.0 17.00 110.00 127.00 OK
r-oldrel-macos-x86_64 0.3.0 OK
r-oldrel-windows-ix86+x86_64 0.3.0 12.00 113.00 125.00 OK

Check Details

Version: 0.3.0
Check: package dependencies
Result: ERROR
    Packages required but not available: 'sf', 'cartography'
    
    See section 'The DESCRIPTION file' in the 'Writing R Extensions'
    manual.
Flavor: r-devel-windows-x86_64-gcc10-UCRT