CRAN Package Check Results for Package MSGARCH

Last updated on 2021-04-15 09:50:07 CEST.

Flavor Version Tinstall Tcheck Ttotal Status Flags
r-devel-linux-x86_64-debian-clang 2.42 399.22 375.16 774.38 OK
r-devel-linux-x86_64-debian-gcc 2.42 295.95 278.17 574.12 OK
r-devel-linux-x86_64-fedora-clang 2.42 1016.43 NOTE
r-devel-linux-x86_64-fedora-gcc 2.42 1061.95 OK
r-devel-windows-ix86+x86_64 2.42 930.00 702.00 1632.00 NOTE
r-devel-windows-x86_64-gcc10-UCRT 2.42 OK
r-patched-linux-x86_64 2.42 353.20 364.48 717.68 OK
r-patched-solaris-x86 2.42 976.40 NOTE
r-release-linux-x86_64 2.42 353.66 364.10 717.76 OK
r-release-macos-x86_64 2.42 NOTE
r-release-windows-ix86+x86_64 2.42 763.00 722.00 1485.00 NOTE
r-oldrel-macos-x86_64 2.42 NOTE
r-oldrel-windows-ix86+x86_64 2.42 854.00 466.00 1320.00 NOTE

Check Details

Version: 2.42
Check: installed package size
Result: NOTE
     installed size is 48.6Mb
     sub-directories of 1Mb or more:
     libs 48.2Mb
Flavors: r-devel-linux-x86_64-fedora-clang, r-devel-windows-ix86+x86_64, r-patched-solaris-x86, r-release-macos-x86_64, r-release-windows-ix86+x86_64, r-oldrel-macos-x86_64, r-oldrel-windows-ix86+x86_64