CRAN Package Check Results for Package MOEADr

Last updated on 2021-04-15 09:50:07 CEST.

Flavor Version Tinstall Tcheck Ttotal Status Flags
r-devel-linux-x86_64-debian-clang 1.1.1 5.12 154.16 159.28 NOTE
r-devel-linux-x86_64-debian-gcc 1.1.1 4.24 111.11 115.35 NOTE
r-devel-linux-x86_64-fedora-clang 1.1.1 188.74 NOTE
r-devel-linux-x86_64-fedora-gcc 1.1.1 225.54 NOTE
r-devel-windows-ix86+x86_64 1.1.1 11.00 182.00 193.00 NOTE
r-devel-windows-x86_64-gcc10-UCRT 1.1.1 NOTE
r-patched-linux-x86_64 1.1.1 4.99 144.11 149.10 OK
r-patched-solaris-x86 1.1.1 245.40 OK
r-release-linux-x86_64 1.1.1 4.55 142.73 147.28 OK
r-release-macos-x86_64 1.1.1 OK
r-release-windows-ix86+x86_64 1.1.1 8.00 191.00 199.00 OK
r-oldrel-macos-x86_64 1.1.1 OK
r-oldrel-windows-ix86+x86_64 1.1.1 8.00 127.00 135.00 OK

Check Details

Version: 1.1.1
Check: LazyData
Result: NOTE
     'LazyData' is specified without a 'data' directory
Flavors: r-devel-linux-x86_64-debian-clang, r-devel-linux-x86_64-debian-gcc, r-devel-linux-x86_64-fedora-clang, r-devel-linux-x86_64-fedora-gcc, r-devel-windows-ix86+x86_64, r-devel-windows-x86_64-gcc10-UCRT