CRAN Package Check Results for Package MODIStsp

Last updated on 2020-05-28 03:48:33 CEST.

Flavor Version Tinstall Tcheck Ttotal Status Flags
r-devel-linux-x86_64-debian-clang 1.4.0 18.00 156.37 174.37 OK
r-devel-linux-x86_64-debian-gcc 1.4.0 16.78 118.98 135.76 OK
r-devel-linux-x86_64-fedora-clang 1.4.0 210.04 NOTE
r-devel-linux-x86_64-fedora-gcc 1.4.0 209.56 OK
r-devel-windows-ix86+x86_64 1.4.0 61.00 209.00 270.00 OK
r-patched-linux-x86_64 1.4.0 18.64 153.50 172.14 OK
r-patched-solaris-x86 1.4.0 259.50 OK
r-release-linux-x86_64 1.4.0 16.77 152.61 169.38 OK
r-release-osx-x86_64 1.4.0 OK
r-release-windows-ix86+x86_64 1.4.0 55.00 205.00 260.00 OK
r-oldrel-osx-x86_64 1.4.0 OK
r-oldrel-windows-ix86+x86_64 1.4.0 32.00 142.00 174.00 OK

Check Details

Version: 1.4.0
Check: package dependencies
Result: NOTE
    Suggests orphaned packages:
     ‘gWidgets’ ‘gWidgetsRGtk2’
Flavor: r-devel-linux-x86_64-fedora-clang