CRAN Package Check Results for Package MMVBVS

Last updated on 2020-03-30 20:48:33 CEST.

Flavor Version Tinstall Tcheck Ttotal Status Flags
r-devel-linux-x86_64-debian-clang 0.8.0 44.69 41.88 86.57 OK
r-devel-linux-x86_64-debian-gcc 0.8.0 29.47 32.27 61.74 OK
r-devel-linux-x86_64-fedora-clang 0.8.0 119.19 OK
r-devel-linux-x86_64-fedora-gcc 0.8.0 110.19 OK
r-devel-windows-ix86+x86_64 0.8.0 76.00 80.00 156.00 OK
r-devel-windows-ix86+x86_64-gcc8 0.8.0 82.00 80.00 162.00 OK
r-patched-linux-x86_64 0.8.0 38.74 40.40 79.14 OK
r-patched-solaris-x86 0.8.0 124.50 OK
r-release-linux-x86_64 0.8.0 36.17 37.89 74.06 OK
r-release-windows-ix86+x86_64 0.8.0 108.00 120.00 228.00 OK
r-release-osx-x86_64 0.8.0 OK
r-oldrel-windows-ix86+x86_64 0.8.0 26.00 7.00 33.00 ERROR
r-oldrel-osx-x86_64 0.8.0 OK

Check Details

Version: 0.8.0
Check: whether package can be installed
Result: ERROR
    Installation failed.
Flavor: r-oldrel-windows-ix86+x86_64