CRAN Package Check Results for Package MMDvariance

Last updated on 2021-04-15 09:50:06 CEST.

Flavor Version Tinstall Tcheck Ttotal Status Flags
r-devel-linux-x86_64-debian-clang 0.0.9 7.14 57.29 64.43 OK
r-devel-linux-x86_64-debian-gcc 0.0.9 4.98 44.50 49.48 OK
r-devel-linux-x86_64-fedora-clang 0.0.9 86.01 OK
r-devel-linux-x86_64-fedora-gcc 0.0.9 80.56 OK
r-devel-windows-ix86+x86_64 0.0.9 17.00 74.00 91.00 OK
r-devel-windows-x86_64-gcc10-UCRT 0.0.9 OK
r-patched-linux-x86_64 0.0.9 6.16 53.23 59.39 OK
r-patched-solaris-x86 0.0.9 103.10 OK
r-release-linux-x86_64 0.0.9 6.87 53.64 60.51 OK
r-release-macos-x86_64 0.0.9 ERROR
r-release-windows-ix86+x86_64 0.0.9 12.00 81.00 93.00 OK
r-oldrel-macos-x86_64 0.0.9 ERROR
r-oldrel-windows-ix86+x86_64 0.0.9 12.00 52.00 64.00 OK

Check Details

Version: 0.0.9
Check: package dependencies
Result: NOTE
    Package suggested but not available for checking: ‘ALL’
Flavors: r-release-macos-x86_64, r-oldrel-macos-x86_64

Version: 0.0.9
Check: examples
Result: ERROR
    Running examples in ‘MMDvariance-Ex.R’ failed
    The error most likely occurred in:
    
    > ### Name: gsMMD.v
    > ### Title: Gene selection based on variances by using a mixture of marginal
    > ### distributions
    > ### Aliases: gsMMD.v
    > ### Keywords: classif
    >
    > ### ** Examples
    >
    > t1 = proc.time()
    > library(ALL)
    Error in library(ALL) : there is no package called ‘ALL’
    Execution halted
Flavors: r-release-macos-x86_64, r-oldrel-macos-x86_64