CRAN Package Check Results for Package MLZ

Last updated on 2021-06-16 09:53:29 CEST.

Flavor Version Tinstall Tcheck Ttotal Status Flags
r-devel-linux-x86_64-debian-clang 0.1.3 257.21 129.66 386.87 OK
r-devel-linux-x86_64-debian-gcc 0.1.3 93.92 96.77 190.69 OK
r-devel-linux-x86_64-fedora-clang 0.1.3 555.24 NOTE
r-devel-linux-x86_64-fedora-gcc 0.1.3 316.39 OK
r-devel-windows-x86_64 0.1.3 126.00 169.00 295.00 NOTE
r-devel-windows-x86_64-gcc10-UCRT 0.1.3 OK
r-patched-linux-x86_64 0.1.3 103.11 123.10 226.21 OK
r-patched-solaris-x86 0.1.3 331.50 OK
r-release-linux-x86_64 0.1.3 97.30 120.17 217.47 OK
r-release-macos-arm64 0.1.3 NOTE
r-release-macos-x86_64 0.1.3 NOTE
r-release-windows-ix86+x86_64 0.1.3 250.00 209.00 459.00 NOTE
r-oldrel-macos-x86_64 0.1.3 NOTE
r-oldrel-windows-ix86+x86_64 0.1.3 215.00 216.00 431.00 NOTE

Check Details

Version: 0.1.3
Check: installed package size
Result: NOTE
     installed size is 24.2Mb
     sub-directories of 1Mb or more:
     libs 23.7Mb
Flavors: r-devel-linux-x86_64-fedora-clang, r-devel-windows-x86_64, r-release-macos-arm64, r-release-macos-x86_64, r-release-windows-ix86+x86_64, r-oldrel-macos-x86_64, r-oldrel-windows-ix86+x86_64