CRAN Package Check Results for Package MLDAShiny

Last updated on 2020-03-30 20:48:33 CEST.

Flavor Version Tinstall Tcheck Ttotal Status Flags
r-devel-linux-x86_64-debian-clang 0.1.0 1.99 17.40 19.39 OK
r-devel-linux-x86_64-debian-gcc 0.1.0 1.82 14.11 15.93 OK
r-devel-linux-x86_64-fedora-clang 0.1.0 24.82 NOTE
r-devel-linux-x86_64-fedora-gcc 0.1.0 23.72 NOTE
r-devel-windows-ix86+x86_64 0.1.0 9.00 29.00 38.00 OK
r-devel-windows-ix86+x86_64-gcc8 0.1.0 9.00 31.00 40.00 OK
r-patched-linux-x86_64 0.1.0 2.11 17.38 19.49 OK
r-patched-solaris-x86 0.1.0 39.70 NOTE
r-release-linux-x86_64 0.1.0 1.62 16.55 18.17 OK
r-release-windows-ix86+x86_64 0.1.0 9.00 42.00 51.00 OK
r-release-osx-x86_64 0.1.0 NOTE
r-oldrel-windows-ix86+x86_64 0.1.0 6.00 49.00 55.00 OK
r-oldrel-osx-x86_64 0.1.0 NOTE

Check Details

Version: 0.1.0
Check: dependencies in R code
Result: NOTE
    Namespaces in Imports field not imported from:
     ‘DiscriMiner’ ‘MASS’ ‘caret’ ‘datasets’ ‘dplyr’ ‘e1071’ ‘klaR’
     ‘rhandsontable’ ‘shiny’
     All declared Imports should be used.
Flavors: r-devel-linux-x86_64-fedora-clang, r-devel-linux-x86_64-fedora-gcc, r-patched-solaris-x86, r-release-osx-x86_64, r-oldrel-osx-x86_64