CRAN Package Check Results for Package MInt

Last updated on 2021-04-15 09:50:06 CEST.

Flavor Version Tinstall Tcheck Ttotal Status Flags
r-devel-linux-x86_64-debian-clang 1.0.1 2.50 37.54 40.04 NOTE
r-devel-linux-x86_64-debian-gcc 1.0.1 2.21 30.04 32.25 NOTE
r-devel-linux-x86_64-fedora-clang 1.0.1 59.70 NOTE
r-devel-linux-x86_64-fedora-gcc 1.0.1 55.08 NOTE
r-devel-windows-ix86+x86_64 1.0.1 7.00 56.00 63.00 NOTE
r-devel-windows-x86_64-gcc10-UCRT 1.0.1 NOTE
r-patched-linux-x86_64 1.0.1 2.96 37.29 40.25 NOTE
r-patched-solaris-x86 1.0.1 77.30 NOTE
r-release-linux-x86_64 1.0.1 2.16 37.51 39.67 NOTE
r-release-macos-x86_64 1.0.1 NOTE
r-release-windows-ix86+x86_64 1.0.1 8.00 62.00 70.00 NOTE
r-oldrel-macos-x86_64 1.0.1 NOTE
r-oldrel-windows-ix86+x86_64 1.0.1 4.00 38.00 42.00 NOTE

Check Details

Version: 1.0.1
Check: R code for possible problems
Result: NOTE
    read_design: no visible global function definition for 'model.frame'
    read_design: no visible global function definition for 'read.table'
    read_design: no visible global function definition for 'model.matrix'
    read_response: no visible global function definition for 'read.table'
    update_beta: no visible global function definition for 'update'
    update_beta: no visible global function definition for 'glm'
    update_beta: no visible global function definition for 'poisson'
    Undefined global functions or variables:
     glm model.frame model.matrix poisson read.table update
    Consider adding
     importFrom("stats", "glm", "model.frame", "model.matrix", "poisson",
     "update")
     importFrom("utils", "read.table")
    to your NAMESPACE file.
Flavors: r-devel-linux-x86_64-debian-clang, r-devel-linux-x86_64-debian-gcc, r-devel-linux-x86_64-fedora-clang, r-devel-linux-x86_64-fedora-gcc, r-devel-windows-ix86+x86_64, r-devel-windows-x86_64-gcc10-UCRT, r-patched-linux-x86_64, r-patched-solaris-x86, r-release-linux-x86_64, r-release-macos-x86_64, r-release-windows-ix86+x86_64, r-oldrel-macos-x86_64, r-oldrel-windows-ix86+x86_64