CRAN Package Check Results for Package MHMM

Last updated on 2021-04-15 09:50:05 CEST.

Flavor Version Tinstall Tcheck Ttotal Status Flags
r-devel-linux-x86_64-debian-clang 1.0.0 71.25 64.72 135.97 OK
r-devel-linux-x86_64-debian-gcc 1.0.0 51.36 48.08 99.44 OK
r-devel-linux-x86_64-fedora-clang 1.0.0 190.06 OK
r-devel-linux-x86_64-fedora-gcc 1.0.0 195.73 OK
r-devel-windows-ix86+x86_64 1.0.0 180.00 139.00 319.00 OK
r-devel-windows-x86_64-gcc10-UCRT 1.0.0 OK
r-patched-linux-x86_64 1.0.0 57.82 59.87 117.69 OK
r-patched-solaris-x86 1.0.0 184.20 OK
r-release-linux-x86_64 1.0.0 57.63 60.12 117.75 OK
r-release-macos-x86_64 1.0.0 NOTE
r-release-windows-ix86+x86_64 1.0.0 167.00 144.00 311.00 OK
r-oldrel-macos-x86_64 1.0.0 NOTE
r-oldrel-windows-ix86+x86_64 1.0.0 130.00 101.00 231.00 OK

Additional issues

clang-UBSAN

Check Details

Version: 1.0.0
Check: installed package size
Result: NOTE
     installed size is 5.2Mb
     sub-directories of 1Mb or more:
     libs 5.0Mb
Flavors: r-release-macos-x86_64, r-oldrel-macos-x86_64