CRAN Package Check Results for Package MDplot

Last updated on 2021-04-15 09:50:05 CEST.

Flavor Version Tinstall Tcheck Ttotal Status Flags
r-devel-linux-x86_64-debian-clang 1.0.1 7.41 67.50 74.91 OK
r-devel-linux-x86_64-debian-gcc 1.0.1 5.52 51.00 56.52 OK
r-devel-linux-x86_64-fedora-clang 1.0.1 101.66 NOTE
r-devel-linux-x86_64-fedora-gcc 1.0.1 96.06 OK
r-devel-windows-ix86+x86_64 1.0.1 13.00 81.00 94.00 NOTE
r-devel-windows-x86_64-gcc10-UCRT 1.0.1 OK
r-patched-linux-x86_64 1.0.1 7.23 66.53 73.76 OK
r-patched-solaris-x86 1.0.1 121.20 NOTE
r-release-linux-x86_64 1.0.1 6.17 66.35 72.52 OK
r-release-macos-x86_64 1.0.1 NOTE
r-release-windows-ix86+x86_64 1.0.1 10.00 88.00 98.00 NOTE
r-oldrel-macos-x86_64 1.0.1 NOTE
r-oldrel-windows-ix86+x86_64 1.0.1 11.00 62.00 73.00 NOTE

Check Details

Version: 1.0.1
Check: installed package size
Result: NOTE
     installed size is 7.6Mb
     sub-directories of 1Mb or more:
     doc 1.9Mb
     extdata 5.3Mb
Flavors: r-devel-linux-x86_64-fedora-clang, r-devel-windows-ix86+x86_64, r-patched-solaris-x86, r-release-macos-x86_64, r-release-windows-ix86+x86_64, r-oldrel-macos-x86_64, r-oldrel-windows-ix86+x86_64