CRAN Package Check Results for Package MCMChybridGP

Last updated on 2021-04-15 09:50:05 CEST.

Flavor Version Tinstall Tcheck Ttotal Status Flags
r-devel-linux-x86_64-debian-clang 5.4 4.26 28.57 32.83 OK
r-devel-linux-x86_64-debian-gcc 5.4 3.54 22.26 25.80 OK
r-devel-linux-x86_64-fedora-clang 5.4 49.75 NOTE
r-devel-linux-x86_64-fedora-gcc 5.4 43.19 NOTE
r-devel-windows-ix86+x86_64 5.4 12.00 49.00 61.00 OK
r-devel-windows-x86_64-gcc10-UCRT 5.4 OK
r-patched-linux-x86_64 5.4 4.21 27.14 31.35 OK
r-patched-solaris-x86 5.4 56.70 OK
r-release-linux-x86_64 5.4 3.91 26.87 30.78 OK
r-release-macos-x86_64 5.4 OK
r-release-windows-ix86+x86_64 5.4 9.00 52.00 61.00 OK
r-oldrel-macos-x86_64 5.4 NOTE
r-oldrel-windows-ix86+x86_64 5.4 9.00 40.00 49.00 NOTE

Check Details

Version: 5.4
Check: compiled code
Result: NOTE
    File ‘MCMChybridGP/libs/MCMChybridGP.so’:
     Found no calls to: ‘R_registerRoutines’, ‘R_useDynamicSymbols’
    
    It is good practice to register native routines and to disable symbol
    search.
    
    See ‘Writing portable packages’ in the ‘Writing R Extensions’ manual.
Flavors: r-devel-linux-x86_64-fedora-clang, r-devel-linux-x86_64-fedora-gcc

Version: 5.4
Check: R code for possible problems
Result: NOTE
    .hybrid.template: no visible global function definition for ‘plot’
    .runMCMCdemo : plot.density: no visible global function definition for
     ‘plot’
    Undefined global functions or variables:
     plot
    Consider adding
     importFrom("graphics", "plot")
    to your NAMESPACE file.
Flavors: r-oldrel-macos-x86_64, r-oldrel-windows-ix86+x86_64