CRAN Package Check Results for Package MCMCglmm

Last updated on 2020-07-06 21:50:30 CEST.

Flavor Version Tinstall Tcheck Ttotal Status Flags
r-devel-linux-x86_64-debian-clang 2.29 53.83 122.12 175.95 OK
r-devel-linux-x86_64-debian-gcc 2.29 35.70 94.20 129.90 OK
r-devel-linux-x86_64-fedora-clang 2.29 220.90 NOTE
r-devel-linux-x86_64-fedora-gcc 2.29 207.69 OK
r-devel-windows-ix86+x86_64 2.29 163.00 225.00 388.00 NOTE
r-patched-linux-x86_64 2.29 36.87 121.35 158.22 OK
r-patched-solaris-x86 2.29 266.90 OK
r-release-linux-x86_64 2.29 37.21 121.25 158.46 OK
r-release-osx-x86_64 2.29 OK
r-release-windows-ix86+x86_64 2.29 139.00 167.00 306.00 NOTE
r-oldrel-osx-x86_64 2.29 OK
r-oldrel-windows-ix86+x86_64 2.29 131.00 249.00 380.00 NOTE

Check Details

Version: 2.29
Check: Rd cross-references
Result: NOTE
    Undeclared packages ‘MCMCpack’, ‘bayesm’, ‘msm’ in Rd xrefs
Flavor: r-devel-linux-x86_64-fedora-clang

Version: 2.29
Check: installed package size
Result: NOTE
     installed size is 5.8Mb
     sub-directories of 1Mb or more:
     doc 3.2Mb
     libs 2.1Mb
Flavors: r-devel-windows-ix86+x86_64, r-release-windows-ix86+x86_64, r-oldrel-windows-ix86+x86_64