CRAN Package Check Results for Package MCMCglmm

Last updated on 2020-02-21 17:47:51 CET.

Flavor Version Tinstall Tcheck Ttotal Status Flags
r-devel-linux-x86_64-debian-clang 2.29 51.36 121.70 173.06 OK
r-devel-linux-x86_64-debian-gcc 2.29 33.78 93.71 127.49 OK
r-devel-linux-x86_64-fedora-clang 2.29 216.77 OK
r-devel-linux-x86_64-fedora-gcc 2.29 202.22 OK
r-devel-windows-ix86+x86_64 2.29 130.00 156.00 286.00 NOTE
r-devel-windows-ix86+x86_64-gcc8 2.29 167.00 227.00 394.00 NOTE
r-patched-linux-x86_64 2.29 38.83 110.02 148.85 OK
r-patched-solaris-x86 2.29 254.40 OK
r-release-linux-x86_64 2.29 37.79 109.24 147.03 OK
r-release-windows-ix86+x86_64 2.29 128.00 155.00 283.00 NOTE
r-release-osx-x86_64 2.29 OK
r-oldrel-windows-ix86+x86_64 2.29 123.00 140.00 263.00 NOTE
r-oldrel-osx-x86_64 2.29 OK

Check Details

Version: 2.29
Check: installed package size
Result: NOTE
     installed size is 5.3Mb
     sub-directories of 1Mb or more:
     doc 3.2Mb
     libs 1.6Mb
Flavors: r-devel-windows-ix86+x86_64, r-devel-windows-ix86+x86_64-gcc8, r-release-windows-ix86+x86_64, r-oldrel-windows-ix86+x86_64