CRAN Package Check Results for Package LowWAFOMSobol

Last updated on 2020-02-21 17:47:50 CET.

Flavor Version Tinstall Tcheck Ttotal Status Flags
r-devel-linux-x86_64-debian-clang 1.1.1 30.05 38.91 68.96 OK
r-devel-linux-x86_64-debian-gcc 1.1.1 15.98 30.43 46.41 OK
r-devel-linux-x86_64-fedora-clang 1.1.1 89.49 NOTE
r-devel-linux-x86_64-fedora-gcc 1.1.1 84.63 OK
r-devel-windows-ix86+x86_64 1.1.1 50.00 72.00 122.00 NOTE
r-devel-windows-ix86+x86_64-gcc8 1.1.1 81.00 122.00 203.00 NOTE
r-patched-linux-x86_64 1.1.1 21.75 34.10 55.85 OK
r-patched-solaris-x86 1.1.1 95.40 OK
r-release-linux-x86_64 1.1.1 22.57 34.56 57.13 OK
r-release-windows-ix86+x86_64 1.1.1 52.00 84.00 136.00 NOTE
r-release-osx-x86_64 1.1.1 NOTE
r-oldrel-windows-ix86+x86_64 1.1.1 41.00 77.00 118.00 NOTE
r-oldrel-osx-x86_64 1.1.1 NOTE

Check Details

Version: 1.1.1
Check: installed package size
Result: NOTE
     installed size is 5.5Mb
     sub-directories of 1Mb or more:
     extdata 4.5Mb
Flavors: r-devel-linux-x86_64-fedora-clang, r-devel-windows-ix86+x86_64, r-devel-windows-ix86+x86_64-gcc8, r-release-windows-ix86+x86_64, r-release-osx-x86_64, r-oldrel-windows-ix86+x86_64, r-oldrel-osx-x86_64