CRAN Package Check Results for Package LowWAFOMSobol

Last updated on 2021-06-20 09:49:54 CEST.

Flavor Version Tinstall Tcheck Ttotal Status Flags
r-devel-linux-x86_64-debian-clang 1.1.1 33.14 41.61 74.75 OK
r-devel-linux-x86_64-debian-gcc 1.1.1 19.71 32.94 52.65 OK
r-devel-linux-x86_64-fedora-clang 1.1.1 102.16 NOTE
r-devel-linux-x86_64-fedora-gcc 1.1.1 87.21 OK
r-devel-windows-x86_64 1.1.1 38.00 58.00 96.00 NOTE
r-devel-windows-x86_64-gcc10-UCRT 1.1.1 OK
r-patched-linux-x86_64 1.1.1 22.20 40.77 62.97 OK
r-patched-solaris-x86 1.1.1 110.50 OK
r-release-linux-x86_64 1.1.1 21.19 40.88 62.07 OK
r-release-macos-arm64 1.1.1 NOTE
r-release-macos-x86_64 1.1.1 NOTE
r-release-windows-ix86+x86_64 1.1.1 69.00 96.00 165.00 NOTE
r-oldrel-macos-x86_64 1.1.1 NOTE
r-oldrel-windows-ix86+x86_64 1.1.1 54.00 95.00 149.00 NOTE

Check Details

Version: 1.1.1
Check: installed package size
Result: NOTE
     installed size is 5.6Mb
     sub-directories of 1Mb or more:
     extdata 4.5Mb
Flavors: r-devel-linux-x86_64-fedora-clang, r-devel-windows-x86_64, r-release-macos-arm64, r-release-macos-x86_64, r-release-windows-ix86+x86_64, r-oldrel-macos-x86_64, r-oldrel-windows-ix86+x86_64