CRAN Package Check Results for Package LinkageMapView

Last updated on 2021-06-16 09:53:27 CEST.

Flavor Version Tinstall Tcheck Ttotal Status Flags
r-devel-linux-x86_64-debian-clang 2.1.2 4.38 77.64 82.02 OK
r-devel-linux-x86_64-debian-gcc 2.1.2 3.36 54.71 58.07 OK
r-devel-linux-x86_64-fedora-clang 2.1.2 105.70 NOTE
r-devel-linux-x86_64-fedora-gcc 2.1.2 97.45 NOTE
r-devel-windows-x86_64 2.1.2 8.00 102.00 110.00 OK
r-devel-windows-x86_64-gcc10-UCRT 2.1.2 NOTE
r-patched-linux-x86_64 2.1.2 4.15 75.12 79.27 OK
r-patched-solaris-x86 2.1.2 163.70 NOTE
r-release-linux-x86_64 2.1.2 4.12 74.94 79.06 OK
r-release-macos-arm64 2.1.2 NOTE
r-release-macos-x86_64 2.1.2 NOTE
r-release-windows-ix86+x86_64 2.1.2 9.00 102.00 111.00 OK
r-oldrel-macos-x86_64 2.1.2 NOTE
r-oldrel-windows-ix86+x86_64 2.1.2 8.00 106.00 114.00 OK

Check Details

Version: 2.1.2
Check: dependencies in R code
Result: NOTE
    Namespace in Imports field not imported from: ‘RColorBrewer’
     All declared Imports should be used.
Flavors: r-devel-linux-x86_64-fedora-clang, r-devel-linux-x86_64-fedora-gcc, r-devel-windows-x86_64-gcc10-UCRT, r-patched-solaris-x86, r-release-macos-arm64, r-release-macos-x86_64, r-oldrel-macos-x86_64