CRAN Package Check Results for Package Lahman

Last updated on 2020-02-28 22:53:36 CET.

Flavor Version Tinstall Tcheck Ttotal Status Flags
r-devel-linux-x86_64-debian-clang 7.0-1 9.94 76.09 86.03 NOTE
r-devel-linux-x86_64-debian-gcc 7.0-1 8.55 58.69 67.24 NOTE
r-devel-linux-x86_64-fedora-clang 7.0-1 111.22 NOTE
r-devel-linux-x86_64-fedora-gcc 7.0-1 103.84 NOTE
r-devel-windows-ix86+x86_64 7.0-1 22.00 131.00 153.00 NOTE
r-devel-windows-ix86+x86_64-gcc8 7.0-1 16.00 100.00 116.00 NOTE
r-patched-linux-x86_64 7.0-1 8.08 71.59 79.67 NOTE
r-patched-solaris-x86 7.0-1 145.50 NOTE
r-release-linux-x86_64 7.0-1 9.55 70.18 79.73 NOTE
r-release-windows-ix86+x86_64 7.0-1 14.00 106.00 120.00 NOTE
r-release-osx-x86_64 7.0-1 NOTE
r-oldrel-windows-ix86+x86_64 7.0-1 11.00 83.00 94.00 NOTE
r-oldrel-osx-x86_64 7.0-1 NOTE

Check Details

Version: 7.0-1
Check: package dependencies
Result: NOTE
    Package suggested but not available for checking: 'zipcode'
Flavors: r-devel-linux-x86_64-debian-clang, r-devel-linux-x86_64-debian-gcc, r-devel-linux-x86_64-fedora-clang, r-devel-linux-x86_64-fedora-gcc, r-patched-linux-x86_64, r-patched-solaris-x86, r-release-linux-x86_64

Version: 7.0-1
Check: installed package size
Result: NOTE
     installed size is 9.1Mb
     sub-directories of 1Mb or more:
     data 8.4Mb
Flavors: r-devel-linux-x86_64-fedora-clang, r-devel-windows-ix86+x86_64, r-devel-windows-ix86+x86_64-gcc8, r-patched-solaris-x86, r-release-windows-ix86+x86_64, r-release-osx-x86_64, r-oldrel-windows-ix86+x86_64, r-oldrel-osx-x86_64