CRAN Package Check Results for Package LW1949

Last updated on 2020-04-09 14:51:26 CEST.

Flavor Version Tinstall Tcheck Ttotal Status Flags
r-devel-linux-x86_64-debian-clang 1.1.0 9.05 80.71 89.76 OK
r-devel-linux-x86_64-debian-gcc 1.1.0 7.58 63.23 70.81 OK
r-devel-linux-x86_64-fedora-clang 1.1.0 109.04 OK
r-devel-linux-x86_64-fedora-gcc 1.1.0 111.20 OK
r-devel-windows-ix86+x86_64 1.1.0 16.00 86.00 102.00 OK
r-devel-windows-ix86+x86_64-gcc8 1.1.0 14.00 91.00 105.00 OK
r-patched-linux-x86_64 1.1.0 10.16 78.80 88.96 OK
r-patched-osx-x86_64 1.1.0 WARN
r-patched-solaris-x86 1.1.0 167.20 OK
r-release-linux-x86_64 1.1.0 8.18 72.60 80.78 OK
r-release-windows-ix86+x86_64 1.1.0 16.00 121.00 137.00 OK
r-release-osx-x86_64 1.1.0 FAIL
r-oldrel-windows-ix86+x86_64 1.1.0 14.00 112.00 126.00 OK
r-oldrel-osx-x86_64 1.1.0 OK

Check Details

Version: 1.1.0
Check: re-building of vignette outputs
Result: WARN
    Error(s) in re-building vignettes:
     ...
    --- re-building ‘Intro.Rmd’ using rmarkdown
    dyld: lazy symbol binding failed: Symbol not found: ____chkstk_darwin
     Referenced from: /usr/local/bin/pandoc (which was built for Mac OS X 10.15)
     Expected in: /usr/lib/libSystem.B.dylib
    
    dyld: Symbol not found: ____chkstk_darwin
     Referenced from: /usr/local/bin/pandoc (which was built for Mac OS X 10.15)
     Expected in: /usr/lib/libSystem.B.dylib
    
    Error: processing vignette 'Intro.Rmd' failed with diagnostics:
    pandoc document conversion failed with error 6
    --- failed re-building ‘Intro.Rmd’
    
    SUMMARY: processing the following file failed:
     ‘Intro.Rmd’
    
    Error: Vignette re-building failed.
    Execution halted
Flavor: r-patched-osx-x86_64

Version: 1.1.0
Check: whether package can be installed
Result: FAIL
Flavor: r-release-osx-x86_64