CRAN Package Check Results for Package LUCIDus

Last updated on 2020-03-30 20:48:32 CEST.

Flavor Version Tinstall Tcheck Ttotal Status Flags
r-devel-linux-x86_64-debian-clang 1.0.0 14.26 161.32 175.58 OK
r-devel-linux-x86_64-debian-gcc 1.0.0 13.12 117.76 130.88 OK
r-devel-linux-x86_64-fedora-clang 1.0.0 203.01 NOTE
r-devel-linux-x86_64-fedora-gcc 1.0.0 197.54 NOTE
r-devel-windows-ix86+x86_64 1.0.0 26.00 233.00 259.00 OK
r-devel-windows-ix86+x86_64-gcc8 1.0.0 25.00 261.00 286.00 OK
r-patched-linux-x86_64 1.0.0 13.22 151.40 164.62 OK
r-patched-solaris-x86 1.0.0 239.20 WARN
r-release-linux-x86_64 1.0.0 12.72 137.00 149.72 OK
r-release-windows-ix86+x86_64 1.0.0 32.00 321.00 353.00 OK
r-release-osx-x86_64 1.0.0 WARN
r-oldrel-windows-ix86+x86_64 1.0.0 22.00 342.00 364.00 OK
r-oldrel-osx-x86_64 1.0.0 WARN

Check Details

Version: 1.0.0
Check: dependencies in R code
Result: NOTE
    Namespace in Imports field not imported from: ‘methods’
     All declared Imports should be used.
Flavors: r-devel-linux-x86_64-fedora-clang, r-devel-linux-x86_64-fedora-gcc, r-patched-solaris-x86, r-release-osx-x86_64, r-oldrel-osx-x86_64

Version: 1.0.0
Check: re-building of vignette outputs
Result: WARN
    Error(s) in re-building vignettes:
     ...
    --- re-building ‘LUCIDus-vignette.Rmd’ using rmarkdown
    Warning in engine$weave(file, quiet = quiet, encoding = enc) :
     Pandoc (>= 1.12.3) and/or pandoc-citeproc not available. Falling back to R Markdown v1.
    Quitting from lines 63-64 (LUCIDus-vignette.Rmd)
    Error: processing vignette 'LUCIDus-vignette.Rmd' failed with diagnostics:
    there is no package called 'webshot'
    --- failed re-building ‘LUCIDus-vignette.Rmd’
    
    SUMMARY: processing the following file failed:
     ‘LUCIDus-vignette.Rmd’
    
    Error: Vignette re-building failed.
    Execution halted
Flavor: r-patched-solaris-x86

Version: 1.0.0
Check: re-building of vignette outputs
Result: WARN
    Error(s) in re-building vignettes:
     ...
    --- re-building ‘LUCIDus-vignette.Rmd’ using rmarkdown
    Warning in engine$weave(file, quiet = quiet, encoding = enc) :
     Pandoc (>= 1.12.3) and/or pandoc-citeproc not available. Falling back to R Markdown v1.
    Quitting from lines 63-64 (LUCIDus-vignette.Rmd)
    Error: processing vignette 'LUCIDus-vignette.Rmd' failed with diagnostics:
    cannot open the connection
    --- failed re-building ‘LUCIDus-vignette.Rmd’
    
    SUMMARY: processing the following file failed:
     ‘LUCIDus-vignette.Rmd’
    
    Error: Vignette re-building failed.
    Execution halted
Flavor: r-release-osx-x86_64

Version: 1.0.0
Check: re-building of vignette outputs
Result: WARN
    Error in re-building vignettes:
     ...
    Warning in engine$weave(file, quiet = quiet, encoding = enc) :
     Pandoc (>= 1.12.3) and/or pandoc-citeproc not available. Falling back to R Markdown v1.
    Quitting from lines 63-64 (LUCIDus-vignette.Rmd)
    Error: processing vignette 'LUCIDus-vignette.Rmd' failed with diagnostics:
    cannot open the connection
    Execution halted
Flavor: r-oldrel-osx-x86_64