CRAN Package Check Results for Package LPower

Last updated on 2021-04-15 09:50:04 CEST.

Flavor Version Tinstall Tcheck Ttotal Status Flags
r-devel-linux-x86_64-debian-clang 0.1.1 2.30 23.63 25.93 NOTE
r-devel-linux-x86_64-debian-gcc 0.1.1 1.80 18.54 20.34 NOTE
r-devel-linux-x86_64-fedora-clang 0.1.1 42.47 NOTE
r-devel-linux-x86_64-fedora-gcc 0.1.1 31.19 NOTE
r-devel-windows-ix86+x86_64 0.1.1 5.00 37.00 42.00 NOTE
r-devel-windows-x86_64-gcc10-UCRT 0.1.1 NOTE
r-patched-linux-x86_64 0.1.1 2.36 22.99 25.35 OK
r-patched-solaris-x86 0.1.1 47.30 OK
r-release-linux-x86_64 0.1.1 2.33 22.96 25.29 OK
r-release-macos-x86_64 0.1.1 OK
r-release-windows-ix86+x86_64 0.1.1 5.00 39.00 44.00 OK
r-oldrel-macos-x86_64 0.1.1 OK
r-oldrel-windows-ix86+x86_64 0.1.1 4.00 30.00 34.00 OK

Check Details

Version: 0.1.1
Check: LazyData
Result: NOTE
     'LazyData' is specified without a 'data' directory
Flavors: r-devel-linux-x86_64-debian-clang, r-devel-linux-x86_64-debian-gcc, r-devel-linux-x86_64-fedora-clang, r-devel-linux-x86_64-fedora-gcc, r-devel-windows-ix86+x86_64, r-devel-windows-x86_64-gcc10-UCRT