CRAN Package Check Results for Package LOGAN

Last updated on 2020-02-21 17:47:50 CET.

Flavor Version Tinstall Tcheck Ttotal Status Flags
r-devel-linux-x86_64-debian-clang 1.0.0 4.09 29.21 33.30 OK
r-devel-linux-x86_64-debian-gcc 1.0.0 3.35 26.37 29.72 OK
r-devel-linux-x86_64-fedora-clang 1.0.0 45.86 NOTE
r-devel-linux-x86_64-fedora-gcc 1.0.0 44.74 NOTE
r-devel-windows-ix86+x86_64 1.0.0 9.00 43.00 52.00 OK
r-devel-windows-ix86+x86_64-gcc8 1.0.0 16.00 58.00 74.00 OK
r-patched-linux-x86_64 1.0.0 3.38 31.99 35.37 OK
r-patched-solaris-x86 1.0.0 62.50 NOTE
r-release-linux-x86_64 1.0.0 2.94 32.08 35.02 OK
r-release-windows-ix86+x86_64 1.0.0 7.00 49.00 56.00 OK
r-release-osx-x86_64 1.0.0 NOTE
r-oldrel-windows-ix86+x86_64 1.0.0 5.00 39.00 44.00 OK
r-oldrel-osx-x86_64 1.0.0 NOTE

Check Details

Version: 1.0.0
Check: dependencies in R code
Result: NOTE
    Namespace in Imports field not imported from: ‘modules’
     All declared Imports should be used.
Flavors: r-devel-linux-x86_64-fedora-clang, r-devel-linux-x86_64-fedora-gcc, r-patched-solaris-x86, r-release-osx-x86_64, r-oldrel-osx-x86_64