CRAN Package Check Results for Package LOGAN

Last updated on 2020-07-06 21:50:30 CEST.

Flavor Version Tinstall Tcheck Ttotal Status Flags
r-devel-linux-x86_64-debian-clang 1.0.0 3.84 29.98 33.82 OK
r-devel-linux-x86_64-debian-gcc 1.0.0 2.98 26.72 29.70 OK
r-devel-linux-x86_64-fedora-clang 1.0.0 54.04 NOTE
r-devel-linux-x86_64-fedora-gcc 1.0.0 44.85 NOTE
r-devel-windows-ix86+x86_64 1.0.0 13.00 56.00 69.00 OK
r-patched-linux-x86_64 1.0.0 3.86 34.70 38.56 OK
r-patched-solaris-x86 1.0.0 66.40 NOTE
r-release-linux-x86_64 1.0.0 3.83 34.30 38.13 OK
r-release-osx-x86_64 1.0.0 NOTE
r-release-windows-ix86+x86_64 1.0.0 10.00 44.00 54.00 OK
r-oldrel-osx-x86_64 1.0.0 NOTE
r-oldrel-windows-ix86+x86_64 1.0.0 25.00 83.00 108.00 OK

Check Details

Version: 1.0.0
Check: dependencies in R code
Result: NOTE
    Namespace in Imports field not imported from: ‘modules’
     All declared Imports should be used.
Flavors: r-devel-linux-x86_64-fedora-clang, r-devel-linux-x86_64-fedora-gcc, r-patched-solaris-x86, r-release-osx-x86_64, r-oldrel-osx-x86_64