CRAN Package Check Results for Package KoulMde

Last updated on 2021-06-22 09:51:40 CEST.

Flavor Version Tinstall Tcheck Ttotal Status Flags
r-devel-linux-x86_64-debian-clang 3.2.1 59.46 62.19 121.65 NOTE
r-devel-linux-x86_64-debian-gcc 3.2.1 37.97 48.09 86.06 NOTE
r-devel-linux-x86_64-fedora-clang 3.2.1 161.36 NOTE
r-devel-linux-x86_64-fedora-gcc 3.2.1 150.53 NOTE
r-devel-windows-x86_64 3.2.1 66.00 86.00 152.00 NOTE
r-devel-windows-x86_64-gcc10-UCRT 3.2.1 NOTE
r-patched-linux-x86_64 3.2.1 43.80 60.59 104.39 NOTE
r-patched-solaris-x86 3.2.1 163.30 NOTE
r-release-linux-x86_64 3.2.1 44.18 60.05 104.23 NOTE
r-release-macos-arm64 3.2.1 NOTE
r-release-macos-x86_64 3.2.1 NOTE
r-release-windows-ix86+x86_64 3.2.1 130.00 95.00 225.00 NOTE
r-oldrel-macos-x86_64 3.2.1 OK

Check Details

Version: 3.2.1
Check: LazyData
Result: NOTE
     'LazyData' is specified without a 'data' directory
Flavors: r-devel-linux-x86_64-debian-clang, r-devel-linux-x86_64-debian-gcc, r-devel-linux-x86_64-fedora-clang, r-devel-linux-x86_64-fedora-gcc, r-devel-windows-x86_64, r-devel-windows-x86_64-gcc10-UCRT, r-patched-linux-x86_64, r-patched-solaris-x86, r-release-linux-x86_64, r-release-macos-arm64, r-release-macos-x86_64, r-release-windows-ix86+x86_64