CRAN Package Check Results for Package JumpTest

Last updated on 2021-04-15 09:50:03 CEST.

Flavor Version Tinstall Tcheck Ttotal Status Flags
r-devel-linux-x86_64-debian-clang 1.1 25.38 93.21 118.59 NOTE
r-devel-linux-x86_64-debian-gcc 1.1 14.71 67.93 82.64 NOTE
r-devel-linux-x86_64-fedora-clang 1.1 153.70 OK
r-devel-linux-x86_64-fedora-gcc 1.1 141.91 OK
r-devel-windows-ix86+x86_64 1.1 60.00 160.00 220.00 NOTE
r-devel-windows-x86_64-gcc10-UCRT 1.1 OK
r-patched-linux-x86_64 1.1 18.64 89.55 108.19 NOTE
r-patched-solaris-x86 1.1 191.50 OK
r-release-linux-x86_64 1.1 18.76 90.51 109.27 NOTE
r-release-macos-x86_64 1.1 OK
r-release-windows-ix86+x86_64 1.1 48.00 170.00 218.00 NOTE
r-oldrel-macos-x86_64 1.1 OK
r-oldrel-windows-ix86+x86_64 1.1 49.00 124.00 173.00 OK

Check Details

Version: 1.1
Check: package vignettes
Result: NOTE
    Package vignette with placeholder title 'Vignette Title':
     'jumptest.Rmd'
Flavors: r-devel-linux-x86_64-debian-clang, r-devel-linux-x86_64-debian-gcc, r-devel-windows-ix86+x86_64, r-patched-linux-x86_64, r-release-linux-x86_64, r-release-windows-ix86+x86_64