CRAN Package Check Results for Package JMbayes

Last updated on 2020-03-30 20:48:31 CEST.

Flavor Version Tinstall Tcheck Ttotal Status Flags
r-devel-linux-x86_64-debian-clang 0.8-85 143.56 165.77 309.33 OK
r-devel-linux-x86_64-debian-gcc 0.8-85 134.12 123.10 257.22 OK
r-devel-linux-x86_64-fedora-clang 0.8-85 400.98 NOTE
r-devel-linux-x86_64-fedora-gcc 0.8-85 422.31 OK
r-devel-windows-ix86+x86_64 0.8-85 242.00 201.00 443.00 OK
r-devel-windows-ix86+x86_64-gcc8 0.8-85 239.00 214.00 453.00 OK
r-patched-linux-x86_64 0.8-85 124.02 158.57 282.59 OK
r-patched-solaris-x86 0.8-85 457.70 OK
r-release-linux-x86_64 0.8-85 124.42 144.51 268.93 OK
r-release-windows-ix86+x86_64 0.8-85 255.00 291.00 546.00 OK
r-release-osx-x86_64 0.8-85 NOTE
r-oldrel-windows-ix86+x86_64 0.8-85 24.00 7.00 31.00 ERROR
r-oldrel-osx-x86_64 0.8-85 NOTE

Check Details

Version: 0.8-85
Check: installed package size
Result: NOTE
     installed size is 10.0Mb
     sub-directories of 1Mb or more:
     libs 8.9Mb
Flavors: r-devel-linux-x86_64-fedora-clang, r-release-osx-x86_64, r-oldrel-osx-x86_64

Version: 0.8-85
Check: whether package can be installed
Result: ERROR
    Installation failed.
Flavor: r-oldrel-windows-ix86+x86_64