CRAN Package Check Results for Package InferenceSMR

Last updated on 2020-07-06 21:50:29 CEST.

Flavor Version Tinstall Tcheck Ttotal Status Flags
r-devel-linux-x86_64-debian-clang 1.0 7.88 53.95 61.83 NOTE
r-devel-linux-x86_64-debian-gcc 1.0 6.53 42.96 49.49 NOTE
r-devel-linux-x86_64-fedora-clang 1.0 82.41 NOTE
r-devel-linux-x86_64-fedora-gcc 1.0 74.30 NOTE
r-devel-windows-ix86+x86_64 1.0 19.00 90.00 109.00 NOTE
r-patched-linux-x86_64 1.0 7.73 53.56 61.29 NOTE
r-patched-solaris-x86 1.0 113.80 NOTE
r-release-linux-x86_64 1.0 6.51 53.78 60.29 NOTE
r-release-osx-x86_64 1.0 NOTE
r-release-windows-ix86+x86_64 1.0 14.00 63.00 77.00 NOTE
r-oldrel-osx-x86_64 1.0 NOTE
r-oldrel-windows-ix86+x86_64 1.0 19.00 82.00 101.00 NOTE

Check Details

Version: 1.0
Check: DESCRIPTION meta-information
Result: NOTE
    Malformed Title field: should not end in a period.
Flavors: r-devel-linux-x86_64-debian-clang, r-devel-linux-x86_64-debian-gcc, r-devel-linux-x86_64-fedora-clang, r-devel-linux-x86_64-fedora-gcc, r-devel-windows-ix86+x86_64, r-patched-linux-x86_64, r-patched-solaris-x86, r-release-linux-x86_64, r-release-osx-x86_64, r-release-windows-ix86+x86_64, r-oldrel-osx-x86_64, r-oldrel-windows-ix86+x86_64

Version: 1.0
Check: dependencies in R code
Result: NOTE
    Package in Depends field not imported from: 'survival'
     These packages need to be imported from (in the NAMESPACE file)
     for when this namespace is loaded but not attached.
Flavors: r-devel-linux-x86_64-debian-clang, r-devel-linux-x86_64-debian-gcc, r-devel-linux-x86_64-fedora-clang, r-devel-linux-x86_64-fedora-gcc, r-devel-windows-ix86+x86_64, r-patched-linux-x86_64, r-patched-solaris-x86, r-release-linux-x86_64, r-release-osx-x86_64, r-release-windows-ix86+x86_64, r-oldrel-osx-x86_64, r-oldrel-windows-ix86+x86_64

Version: 1.0
Check: R code for possible problems
Result: NOTE
    contrib: no visible global function definition for 'aggregate'
    est.expDeath : surv_p: no visible global function definition for
     'survfit'
    est.expDeath : surv_p: no visible global function definition for
     'approx'
    function1: no visible global function definition for 'coxph.detail'
    inference.SMR: no visible global function definition for 'qnorm'
    var.expDeath : surv_p: no visible global function definition for
     'survfit'
    var.expDeath : surv_p: no visible global function definition for
     'approx'
    Undefined global functions or variables:
     aggregate approx coxph.detail qnorm survfit
    Consider adding
     importFrom("stats", "aggregate", "approx", "qnorm")
    to your NAMESPACE file.
Flavors: r-devel-linux-x86_64-debian-clang, r-devel-linux-x86_64-debian-gcc, r-devel-linux-x86_64-fedora-clang, r-devel-linux-x86_64-fedora-gcc, r-devel-windows-ix86+x86_64, r-patched-linux-x86_64, r-patched-solaris-x86, r-release-linux-x86_64, r-release-osx-x86_64, r-release-windows-ix86+x86_64, r-oldrel-osx-x86_64, r-oldrel-windows-ix86+x86_64