CRAN Package Check Results for Package IceCast

Last updated on 2020-02-27 17:50:58 CET.

Flavor Version Tinstall Tcheck Ttotal Status Flags
r-devel-linux-x86_64-debian-clang 2.1.0 42.59 657.15 699.74 OK
r-devel-linux-x86_64-debian-gcc 2.1.0 36.28 482.77 519.05 OK
r-devel-linux-x86_64-fedora-clang 2.1.0 856.68 WARN
r-devel-linux-x86_64-fedora-gcc 2.1.0 838.58 WARN
r-devel-windows-ix86+x86_64 2.1.0 81.00 563.00 644.00 OK
r-devel-windows-ix86+x86_64-gcc8 2.1.0 94.00 634.00 728.00 OK
r-patched-linux-x86_64 2.1.0 36.84 546.43 583.27 OK
r-patched-solaris-x86 2.1.0 999.50 NOTE
r-release-linux-x86_64 2.1.0 38.96 567.04 606.00 OK
r-release-windows-ix86+x86_64 2.1.0 85.00 553.00 638.00 OK
r-release-osx-x86_64 2.1.0 NOTE
r-oldrel-windows-ix86+x86_64 2.1.0 78.00 586.00 664.00 OK
r-oldrel-osx-x86_64 2.1.0 NOTE

Check Details

Version: 2.1.0
Check: whether package can be installed
Result: WARN
    Found the following significant warnings:
     Warning: namespace ‘rgdal’ is not available and has been replaced
Flavors: r-devel-linux-x86_64-fedora-clang, r-devel-linux-x86_64-fedora-gcc

Version: 2.1.0
Check: dependencies in R code
Result: NOTE
    Namespace in Imports field not imported from: ‘coda’
     All declared Imports should be used.
Flavors: r-devel-linux-x86_64-fedora-clang, r-devel-linux-x86_64-fedora-gcc, r-patched-solaris-x86, r-release-osx-x86_64, r-oldrel-osx-x86_64