CRAN Package Check Results for Package ISRaD

Last updated on 2020-07-06 21:50:29 CEST.

Flavor Version Tinstall Tcheck Ttotal Status Flags
r-devel-linux-x86_64-debian-clang 1.2.3 12.74 85.56 98.30 OK
r-devel-linux-x86_64-debian-gcc 1.2.3 10.70 65.69 76.39 OK
r-devel-linux-x86_64-fedora-clang 1.2.3 124.57 NOTE
r-devel-linux-x86_64-fedora-gcc 1.2.3 111.77 NOTE
r-devel-windows-ix86+x86_64 1.2.3 49.00 141.00 190.00 OK
r-patched-linux-x86_64 1.2.3 10.29 83.94 94.23 OK
r-patched-solaris-x86 1.2.3 168.10 NOTE
r-release-linux-x86_64 1.2.3 10.42 83.49 93.91 OK
r-release-osx-x86_64 1.2.3 NOTE
r-release-windows-ix86+x86_64 1.2.3 26.00 104.00 130.00 OK
r-oldrel-osx-x86_64 1.2.3 NOTE
r-oldrel-windows-ix86+x86_64 1.2.3 39.00 132.00 171.00 OK

Check Details

Version: 1.2.3
Check: dependencies in R code
Result: NOTE
    Namespaces in Imports field not imported from:
     ‘devtools’ ‘pangaear’ ‘rcrossref’ ‘rgdal’ ‘stringr’
     All declared Imports should be used.
Flavors: r-devel-linux-x86_64-fedora-clang, r-devel-linux-x86_64-fedora-gcc, r-patched-solaris-x86, r-release-osx-x86_64, r-oldrel-osx-x86_64

Version: 1.2.3
Check: data for non-ASCII characters
Result: NOTE
     Note: found 1 marked UTF-8 string
Flavors: r-devel-linux-x86_64-fedora-clang, r-devel-linux-x86_64-fedora-gcc, r-patched-solaris-x86, r-release-osx-x86_64, r-oldrel-osx-x86_64