CRAN Package Check Results for Package ISEtools

Last updated on 2020-03-30 20:48:31 CEST.

Flavor Version Tinstall Tcheck Ttotal Status Flags
r-devel-linux-x86_64-debian-clang 3.1.1 4.72 38.31 43.03 WARN
r-devel-linux-x86_64-debian-gcc 3.1.1 3.31 30.17 33.48 WARN
r-devel-linux-x86_64-fedora-clang 3.1.1 52.96 OK
r-devel-linux-x86_64-fedora-gcc 3.1.1 51.95 OK
r-devel-windows-ix86+x86_64 3.1.1 10.00 48.00 58.00 OK
r-devel-windows-ix86+x86_64-gcc8 3.1.1 9.00 49.00 58.00 OK
r-patched-linux-x86_64 3.1.1 4.66 37.73 42.39 WARN
r-patched-solaris-x86 3.1.1 81.30 NOTE
r-release-linux-x86_64 3.1.1 4.09 34.84 38.93 WARN
r-release-windows-ix86+x86_64 3.1.1 13.00 49.00 62.00 OK
r-release-osx-x86_64 3.1.1 NOTE
r-oldrel-windows-ix86+x86_64 3.1.1 10.00 66.00 76.00 OK
r-oldrel-osx-x86_64 3.1.1 NOTE

Check Details

Version: 3.1.1
Check: sizes of PDF files under ‘inst/doc’
Result: WARN
     'gs+qpdf' made some significant size reductions:
     compacted 'ISEtools.pdf' from 853Kb to 581Kb
     consider running tools::compactPDF(gs_quality = "ebook") on these files
Flavors: r-devel-linux-x86_64-debian-clang, r-devel-linux-x86_64-debian-gcc, r-patched-linux-x86_64, r-release-linux-x86_64

Version: 3.1.1
Check: package dependencies
Result: NOTE
    Package suggested but not available for checking: ‘BRugs’
Flavors: r-patched-solaris-x86, r-release-osx-x86_64, r-oldrel-osx-x86_64