CRAN Package Check Results for Package IPCWK

Last updated on 2021-04-15 09:50:02 CEST.

Flavor Version Tinstall Tcheck Ttotal Status Flags
r-devel-linux-x86_64-debian-clang 1.0 6.98 65.63 72.61 NOTE
r-devel-linux-x86_64-debian-gcc 1.0 5.84 50.41 56.25 NOTE
r-devel-linux-x86_64-fedora-clang 1.0 96.28 NOTE
r-devel-linux-x86_64-fedora-gcc 1.0 85.98 NOTE
r-devel-windows-ix86+x86_64 1.0 15.00 87.00 102.00 NOTE
r-devel-windows-x86_64-gcc10-UCRT 1.0 NOTE
r-patched-linux-x86_64 1.0 7.67 61.21 68.88 OK
r-patched-solaris-x86 1.0 136.00 OK
r-release-linux-x86_64 1.0 7.05 60.00 67.05 OK
r-release-macos-x86_64 1.0 OK
r-release-windows-ix86+x86_64 1.0 13.00 86.00 99.00 OK
r-oldrel-macos-x86_64 1.0 OK
r-oldrel-windows-ix86+x86_64 1.0 13.00 63.00 76.00 OK

Check Details

Version: 1.0
Check: LazyData
Result: NOTE
     'LazyData' is specified without a 'data' directory
Flavors: r-devel-linux-x86_64-debian-clang, r-devel-linux-x86_64-debian-gcc, r-devel-linux-x86_64-fedora-clang, r-devel-linux-x86_64-fedora-gcc, r-devel-windows-ix86+x86_64, r-devel-windows-x86_64-gcc10-UCRT