CRAN Package Check Results for Package IOHexperimenter

Last updated on 2021-04-15 09:50:02 CEST.

Flavor Version Tinstall Tcheck Ttotal Status Flags
r-devel-linux-x86_64-debian-clang 0.1.4 54.17 31.86 86.03 NOTE
r-devel-linux-x86_64-debian-gcc 0.1.4 42.78 24.77 67.55 NOTE
r-devel-linux-x86_64-fedora-clang 0.1.4 137.89 NOTE
r-devel-linux-x86_64-fedora-gcc 0.1.4 118.29 NOTE
r-devel-windows-ix86+x86_64 0.1.4 152.00 86.00 238.00 NOTE
r-devel-windows-x86_64-gcc10-UCRT 0.1.4 NOTE
r-patched-linux-x86_64 0.1.4 47.66 30.31 77.97 OK
r-patched-solaris-x86 0.1.4 110.70 OK
r-release-linux-x86_64 0.1.4 47.13 30.27 77.40 OK
r-release-macos-x86_64 0.1.4 NOTE
r-release-windows-ix86+x86_64 0.1.4 130.00 99.00 229.00 OK
r-oldrel-macos-x86_64 0.1.4 NOTE
r-oldrel-windows-ix86+x86_64 0.1.4 130.00 55.00 185.00 OK

Check Details

Version: 0.1.4
Check: LazyData
Result: NOTE
     'LazyData' is specified without a 'data' directory
Flavors: r-devel-linux-x86_64-debian-clang, r-devel-linux-x86_64-debian-gcc, r-devel-linux-x86_64-fedora-clang, r-devel-linux-x86_64-fedora-gcc, r-devel-windows-ix86+x86_64, r-devel-windows-x86_64-gcc10-UCRT

Version: 0.1.4
Check: installed package size
Result: NOTE
     installed size is 6.9Mb
     sub-directories of 1Mb or more:
     libs 6.8Mb
Flavors: r-devel-linux-x86_64-fedora-clang, r-release-macos-x86_64, r-oldrel-macos-x86_64