CRAN Package Check Results for Package IOHanalyzer

Last updated on 2020-02-28 22:53:36 CET.

Flavor Version Tinstall Tcheck Ttotal Status Flags
r-devel-linux-x86_64-debian-clang 0.1.3 66.81 101.70 168.51 OK
r-devel-linux-x86_64-debian-gcc 0.1.3 51.02 85.50 136.52 OK
r-devel-linux-x86_64-fedora-clang 0.1.3 209.15 NOTE
r-devel-linux-x86_64-fedora-gcc 0.1.3 192.28 NOTE
r-devel-windows-ix86+x86_64 0.1.3 140.00 218.00 358.00 OK
r-devel-windows-ix86+x86_64-gcc8 0.1.3 107.00 162.00 269.00 NOTE
r-patched-linux-x86_64 0.1.3 53.09 88.05 141.14 OK
r-patched-solaris-x86 0.1.3 223.20 NOTE
r-release-linux-x86_64 0.1.3 55.68 87.40 143.08 OK
r-release-windows-ix86+x86_64 0.1.3 82.00 177.00 259.00 OK
r-release-osx-x86_64 0.1.3 NOTE
r-oldrel-windows-ix86+x86_64 0.1.3 92.00 132.00 224.00 OK
r-oldrel-osx-x86_64 0.1.3 NOTE

Check Details

Version: 0.1.3
Check: package dependencies
Result: NOTE
    Imports includes 22 non-default packages.
    Importing from so many packages makes the package vulnerable to any of
    them becoming unavailable. Move as many as possible to Suggests and
    use conditionally.
Flavor: r-devel-linux-x86_64-fedora-clang

Version: 0.1.3
Check: dependencies in R code
Result: NOTE
    Namespaces in Imports field not imported from:
     ‘DT’ ‘bsplus’ ‘colourpicker’ ‘kableExtra’ ‘markdown’ ‘reshape2’
     ‘shinydashboard’ ‘shinyjs’
     All declared Imports should be used.
Flavors: r-devel-linux-x86_64-fedora-clang, r-devel-linux-x86_64-fedora-gcc, r-patched-solaris-x86, r-release-osx-x86_64, r-oldrel-osx-x86_64

Version: 0.1.3
Check: data for non-ASCII characters
Result: NOTE
     Note: found 75 marked UTF-8 strings
Flavors: r-devel-linux-x86_64-fedora-clang, r-devel-linux-x86_64-fedora-gcc, r-patched-solaris-x86, r-release-osx-x86_64, r-oldrel-osx-x86_64

Version: 0.1.3
Check: installed package size
Result: NOTE
     installed size is 5.1Mb
     sub-directories of 1Mb or more:
     data 1.4Mb
     libs 2.3Mb
Flavor: r-devel-windows-ix86+x86_64-gcc8