CRAN Package Check Results for Package INLAMSM

Last updated on 2020-02-28 22:53:35 CET.

Flavor Version Tinstall Tcheck Ttotal Status Flags
r-devel-linux-x86_64-debian-clang 0.1 7.86 65.49 73.35 NOTE
r-devel-linux-x86_64-debian-gcc 0.1 7.49 52.46 59.95 NOTE
r-devel-linux-x86_64-fedora-clang 0.1 99.84 OK
r-devel-linux-x86_64-fedora-gcc 0.1 88.74 OK
r-devel-windows-ix86+x86_64 0.1 21.00 100.00 121.00 OK
r-devel-windows-ix86+x86_64-gcc8 0.1 17.00 72.00 89.00 OK
r-patched-linux-x86_64 0.1 7.01 56.03 63.04 NOTE
r-patched-solaris-x86 0.1 129.20 NOTE
r-release-linux-x86_64 0.1 5.99 55.49 61.48 NOTE
r-release-windows-ix86+x86_64 0.1 14.00 100.00 114.00 OK
r-release-osx-x86_64 0.1 NOTE
r-oldrel-windows-ix86+x86_64 0.1 8.00 61.00 69.00 OK
r-oldrel-osx-x86_64 0.1 NOTE

Check Details

Version: 0.1
Check: package dependencies
Result: NOTE
    Package suggested but not available for checking: 'INLA'
Flavors: r-devel-linux-x86_64-debian-clang, r-devel-linux-x86_64-debian-gcc, r-patched-linux-x86_64, r-patched-solaris-x86, r-release-linux-x86_64, r-release-osx-x86_64, r-oldrel-osx-x86_64