CRAN Package Check Results for Package HiClimR

Last updated on 2021-06-20 09:49:51 CEST.

Flavor Version Tinstall Tcheck Ttotal Status Flags
r-devel-linux-x86_64-debian-clang 2.2.0 5.38 40.74 46.12 OK
r-devel-linux-x86_64-debian-gcc 2.2.0 4.11 31.55 35.66 OK
r-devel-linux-x86_64-fedora-clang 2.2.0 64.34 OK
r-devel-linux-x86_64-fedora-gcc 2.2.0 54.23 OK
r-devel-windows-x86_64 2.2.0 9.00 48.00 57.00 OK
r-devel-windows-x86_64-gcc10-UCRT 2.2.0 NOTE
r-patched-linux-x86_64 2.2.0 5.96 38.79 44.75 OK
r-patched-solaris-x86 2.2.0 87.70 OK
r-release-linux-x86_64 2.2.0 4.80 38.84 43.64 OK
r-release-macos-arm64 2.2.0 OK
r-release-macos-x86_64 2.2.0 OK
r-release-windows-ix86+x86_64 2.2.0 12.00 78.00 90.00 OK
r-oldrel-macos-x86_64 2.2.0 OK
r-oldrel-windows-ix86+x86_64 2.2.0 11.00 75.00 86.00 OK

Check Details

Version: 2.2.0
Check: package dependencies
Result: NOTE
    Packages suggested but not available for checking: 'covr', 'devtools'
Flavor: r-devel-windows-x86_64-gcc10-UCRT