CRAN Package Check Results for Package Haplin

Last updated on 2020-03-30 20:48:29 CEST.

Flavor Version Tinstall Tcheck Ttotal Status Flags
r-devel-linux-x86_64-debian-clang 7.2.2 25.11 350.41 375.52 OK
r-devel-linux-x86_64-debian-gcc 7.2.2 20.97 259.68 280.65 OK
r-devel-linux-x86_64-fedora-clang 7.2.2 430.11 OK
r-devel-linux-x86_64-fedora-gcc 7.2.2 421.78 OK
r-devel-windows-ix86+x86_64 7.2.2 36.00 351.00 387.00 OK
r-devel-windows-ix86+x86_64-gcc8 7.2.2 32.00 370.00 402.00 OK
r-patched-linux-x86_64 7.2.2 24.20 333.23 357.43 OK
r-patched-solaris-x86 7.2.2 569.80 OK
r-release-linux-x86_64 7.2.2 18.38 320.78 339.16 OK
r-release-windows-ix86+x86_64 7.2.2 50.00 485.00 535.00 OK
r-release-osx-x86_64 7.2.2 NOTE
r-oldrel-windows-ix86+x86_64 7.2.2 39.00 452.00 491.00 OK
r-oldrel-osx-x86_64 7.2.2 NOTE

Check Details

Version: 7.2.2
Check: package dependencies
Result: NOTE
    Package suggested but not available for checking: ‘Rmpi’
Flavors: r-release-osx-x86_64, r-oldrel-osx-x86_64