CRAN Package Check Results for Package HTSCluster

Last updated on 2020-05-29 17:49:07 CEST.

Flavor Version Tinstall Tcheck Ttotal Status Flags
r-devel-linux-x86_64-debian-clang 2.0.8 6.57 49.23 55.80 OK
r-devel-linux-x86_64-debian-gcc 2.0.8 5.48 38.98 44.46 OK
r-devel-linux-x86_64-fedora-clang 2.0.8 76.32 OK
r-devel-linux-x86_64-fedora-gcc 2.0.8 66.63 OK
r-devel-windows-ix86+x86_64 2.0.8 18.00 87.00 105.00 OK
r-patched-linux-x86_64 2.0.8 7.10 50.11 57.21 OK
r-patched-solaris-x86 2.0.8 97.70 OK
r-release-linux-x86_64 2.0.8 5.99 50.60 56.59 OK
r-release-osx-x86_64 2.0.8 NOTE
r-release-windows-ix86+x86_64 2.0.8 14.00 88.00 102.00 OK
r-oldrel-osx-x86_64 2.0.8 OK
r-oldrel-windows-ix86+x86_64 2.0.8 17.00 60.00 77.00 OK

Check Details

Version: 2.0.8
Check: package dependencies
Result: NOTE
    Package suggested but not available for checking: ‘HTSFilter’
Flavor: r-release-osx-x86_64