CRAN Package Check Results for Package HMP

Last updated on 2020-02-27 17:50:57 CET.

Flavor Version Tinstall Tcheck Ttotal Status Flags
r-devel-linux-x86_64-debian-clang 2.0.1 10.85 99.10 109.95 OK
r-devel-linux-x86_64-debian-gcc 2.0.1 9.01 75.23 84.24 OK
r-devel-linux-x86_64-fedora-clang 2.0.1 136.41 OK
r-devel-linux-x86_64-fedora-gcc 2.0.1 132.63 OK
r-devel-windows-ix86+x86_64 2.0.1 21.00 113.00 134.00 OK
r-devel-windows-ix86+x86_64-gcc8 2.0.1 18.00 107.00 125.00 OK
r-patched-linux-x86_64 2.0.1 10.84 86.59 97.43 OK
r-patched-solaris-x86 2.0.1 174.10 OK
r-release-linux-x86_64 2.0.1 10.30 86.59 96.89 OK
r-release-windows-ix86+x86_64 2.0.1 19.00 105.00 124.00 OK
r-release-osx-x86_64 2.0.1 OK
r-oldrel-windows-ix86+x86_64 2.0.1 12.00 101.00 113.00 WARN
r-oldrel-osx-x86_64 2.0.1 OK

Check Details

Version: 2.0.1
Check: whether package can be installed
Result: WARN
    Found the following significant warnings:
     Warning: S3 methods '[.fun_list', '[.grouped_df', 'all.equal.tbl_df', 'anti_join.data.frame', 'anti_join.tbl_df', 'arrange.data.frame', 'arrange.default', 'arrange.grouped_df', 'arrange.tbl_df', 'arrange_.data.frame', 'arrange_.tbl_df', 'as.data.frame.grouped_df', 'as.data.frame.rowwise_df', 'as.data.frame.tbl_cube', 'as.table.tbl_cube', 'as.tbl.data.frame', 'as.tbl.tbl', 'as.tbl_cube.array', 'as.tbl_cube.data.frame', 'as.tbl_cube.matrix', 'as.tbl_cube.table', 'as_tibble.grouped_df', 'as_tibble.tbl_cube', 'auto_copy.tbl_cube', 'auto_copy.tbl_df', 'cbind.grouped_df', 'collapse.data.frame', 'collect.data.frame', 'common_by.NULL', 'common_by.character', 'common_by.default', 'common_by.list', 'compute.data.frame', 'copy_to.DBIConnection', 'copy_to.src_local', 'default_missing.data.frame', 'default_missing.default', 'dim.tbl_cube', 'distinct.data.frame', 'distinct.default', 'distinct.grouped_df', 'distinct.tbl_df', 'distinct_.data.frame', 'distinct_.grouped_df', 'distinct_.tbl_df', 'do.NULL', 'do.da [... truncated]
Flavor: r-oldrel-windows-ix86+x86_64